ded by 3?
0
Calculate the remainder when 34 is divided by 12.
10
Calculate the remainder when 213 is divided by 24.
21
What is the remainder when 178 is divided by 54?
16
Calculate the remainder when 1214 is divided by 87.
83
Calculate the remainder when 22 is divided by 4.
2
Calculate the remainder when 2939 is divided by 14.
13
Calculate the remainder when 716 is divided by 33.
23
What is the remainder when 246 is divided by 49?
1
Calculate the remainder when 579 is divided by 3.
0
Calculate the remainder when 606 is divided by 154.
144
What is the remainder when 309 is divided by 104?
101
Calculate the remainder when 58 is divided by 25.
8
Calculate the remainder when 755 is divided by 25.
5
What is the remainder when 1814 is divided by 898?
18
What is the remainder when 820 is divided by 217?
169
What is the remainder when 425 is divided by 202?
21
Calculate the remainder when 34 is divided by 9.
7
What is the remainder when 1243 is divided by 52?
47
Calculate the remainder when 387 is divided by 50.
37
What is the remainder when 818 is divided by 91?
90
Calculate the remainder when 470 is divided by 180.
110
What is the remainder when 1596 is divided by 1551?
45
Calculate the remainder when 59 is divided by 19.
2
Calculate the remainder when 283 is divided by 41.
37
Calculate the remainder when 787 is divided by 116.
91
What is the remainder when 120 is divided by 41?
38
What is the remainder when 109 is divided by 41?
27
What is the remainder when 254 is divided by 156?
98
Calculate the remainder when 243 is divided by 111.
21
What is the remainder when 473 is divided by 151?
20
What is the remainder when 96 is divided by 13?
5
What is the remainder when 484 is divided by 97?
96
What is the remainder when 213 is divided by 40?
13
Calculate the remainder when 228 is divided by 35.
18
What is the remainder when 588 is divided by 29?
8
What is the remainder when 48012 is divided by 361?
360
Calculate the remainder when 20290 is divided by 175.
165
What is the remainder when 8902 is divided by 5?
2
Calculate the remainder when 1913 is divided by 58.
57
Calculate the remainder when 305 is divided by 18.
17
Calculate the remainder when 51 is divided by 11.
7
What is the remainder when 353 is divided by 91?
80
Calculate the remainder when 103 is divided by 44.
15
Calculate the remainder when 3409 is divided by 68.
9
What is the remainder when 45 is divided by 25?
20
What is the remainder when 86 is divided by 8?
6
What is the remainder when 93 is divided by 23?
1
Calculate the remainder when 537 is divided by 3.
0
What is the remainder when 1196 is divided by 19?
18
Calculate the remainder when 165 is divided by 86.
79
Calculate the remainder when 387 is divided by 78.
75
What is the remainder when 209 is divided by 35?
34
Calculate the remainder when 1563 is divided by 34.
33
What is the remainder when 65 is divided by 57?
8
What is the remainder when 192 is divided by 59?
15
Calculate the remainder when 113 is divided by 58.
55
What is the remainder when 241 is divided by 62?
55
What is the remainder when 503 is divided by 9?
8
Calculate the remainder when 349 is divided by 50.
49
Calculate the remainder when 1969 is divided by 58.
55
Calculate the remainder when 1206 is divided by 31.
28
What is the remainder when 800 is divided by 276?
248
Calculate the remainder when 72 is divided by 57.
15
Calculate the remainder when 4617 is divided by 42.
39
What is the remainder when 919 is divided by 882?
37
Calculate the remainder when 282 is divided by 275.
7
Calculate the remainder when 40 is divided by 17.
6
Calculate the remainder when 105 is divided by 20.
5
Calculate the remainder when 2374 is divided by 82.
78
What is the remainder when 15725 is divided by 147?
143
Calculate the remainder when 326 is divided by 111.
104
What is the remainder when 4509 is divided by 4502?
7
Calculate the remainder when 2763 is divided by 23.
3
What is the remainder when 51 is divided by 12?
3
Calculate the remainder when 626 is divided by 33.
32
Calculate the remainder when 1098 is divided by 38.
34
What is the remainder when 876 is divided by 655?
221
Calculate the remainder when 85 is divided by 7.
1
Calculate the remainder when 32497 is divided by 250.
247
What is the remainder when 301 is divided by 197?
104
What is the remainder when 184 is divided by 29?
10
Calculate the remainder when 1032 is divided by 199.
37
What is the remainder when 777 is divided by 71?
67
Calculate the remainder when 36 is divided by 20.
16
What is the remainder when 312 is divided by 55?
37
What is the remainder when 48 is divided by 25?
23
What is the remainder when 1160 is divided by 46?
10
What is the remainder when 39 is divided by 13?
0
What is the remainder when 31 is divided by 17?
14
Calculate the remainder when 17461 is divided by 148.
145
Calculate the remainder when 315 is divided by 66.
51
Calculate the remainder when 19606 is divided by 11.
4
What is the remainder when 1275 is divided by 24?
3
What is the remainder when 200 is divided by 61?
17
Calculate the remainder when 1747 is divided by 382.
219
Calculate the remainder when 100 is divided by 21.
16
Calculate the remainder when 1552 is divided by 74.
72
Calculate the remainder when 2524 is divided by 2523.
1
What is the remainder when 2200 is divided by 26?
16
What is the remainder when 1117 is divided by 66?
61
Calculate the remainder when 468 is divided by 79.
73
What is the remainder when 1929 is divided by 46?
43
Calculate the remainder when 1198 is divided by 15.
13
Calculate the remainder when 257 is divided by 25.
7
Calculate the remainder when 441 is divided by 111.
108
Calculate the remainder when 426 is divided by 133.
27
What is the remainder when 268 is divided by 18?
16
Calculate the remainder when 385 is divided by 212.
173
What is the remainder when 99 is divided by 23?
7
Calculate the remainder when 4217 is divided by 1402.
11
Calculate the remainder when 613 is divided by 60.
13
What is the remainder when 596 is divided by 76?
64
What is the remainder when 628 is divided by 79?
75
What is the remainder when 2363 is divided by 9?
5
Calculate the remainder when 246 is divided by 43.
31
What is the remainder when 718 is divided by 8?
6
What is the remainder when 2021 is divided by 23?
20
What is the remainder when 130 is divided by 51?
28
Calculate the remainder when 705 is divided by 189.
138
Calculate the remainder when 656 is divided by 107.
14
What is the remainder when 126 is divided by 75?
51
What is the remainder when 405 is divided by 23?
14
What is the remainder when 7026 is divided by 413?
5
What is the remainder when 7 is divided by 1?
0
What is the remainder when 83 is divided by 48?
35
What is the remainder when 30 is divided by 25?
5
Calculate the remainder when 525 is divided by 174.
3
What is the remainder when 62 is divided by 22?
18
What is the remainder when 405 is divided by 93?
33
What is the remainder when 1408 is divided by 281?
3
Calculate the remainder when 1030 is divided by 177.
145
Calculate the remainder when 61 is divided by 15.
1
Calculate the remainder when 323 is divided by 153.
17
What is the remainder when 4221 is divided by 51?
39
Calculate the remainder when 561 is divided by 149.
114
What is the remainder when 1048 is divided by 65?
8
What is the remainder when 241 is divided by 81?
79
What is the remainder when 405 is divided by 82?
77
What is the remainder when 803 is divided by 372?
59
What is the remainder when 340 is divided by 79?
24
Calculate the remainder when 66 is divided by 15.
6
What is the remainder when 171 is divided by 57?
0
What is the remainder when 109 is divided by 25?
9
Calculate the remainder when 65 is divided by 54.
11
Calculate the remainder when 806 is divided by 101.
99
Calculate the remainder when 240 is divided by 91.
58
What is the remainder when 400 is divided by 2?
0
What is the remainder when 59 is divided by 21?
17
What is the remainder when 375 is divided by 105?
60
What is the remainder when 143 is divided by 4?
3
Calculate the remainder when 3495 is divided by 872.
7
What is the remainder when 172 is divided by 153?
19
Calculate the remainder when 626 is divided by 139.
70
Calculate the remainder when 114 is divided by 1